en m(6) is divided by g?
1
Suppose a + 2*l = 2, 3*l - 2*l + 17 = 4*a. What is the remainder when 10 is divided by a?
2
Let t(p) = -4*p - 61. Calculate the remainder when 20 is divided by t(-18).
9
Let s = -104 + 175. Let z = s - 51. What is the remainder when z is divided by 1/(-1)*11/(-1)?
9
Calculate the remainder when (20/8)/(58/(-20) + 3) is divided by 13.
12
Calculate the remainder when 91 is divided by 23 - (1/3*0)/(-1).
22
Suppose 5*n = 307 - 107. Let d = 56 - n. What is the remainder when d is divided by 6?
4
Let z be (-10)/3*84/(-10). Suppose 3*i = 2*i + z. What is the remainder when i is divided by 4/12 + 29/3?
8
Suppose 0 = 3*p - 18 + 3. Let m(u) = u - 5. Let w be m(p). Suppose -5*i + 83 - 13 = w. Calculate the remainder when i is divided by 8.
6
Suppose 0 = 4*y + 2 - 14. What is the remainder when 30 is divided by (2 - (-6)/9)*y?
6
Let a = 6 + 10. What is the remainder when 47 is divided by a?
15
Let p(v) = -1 - 4 - 9*v + 2*v - v**2. What is the remainder when 9 is divided by p(-2)?
4
Let k = 16 - -5. Let d = k + -12. What is the remainder when 33 is divided by d?
6
Let w = -8 + 17. What is the remainder when 24 is divided by w?
6
Suppose w = -p - 4, 0*p = -5*w - 2*p - 14. What is the remainder when 68 is divided by (-49)/w + (-6)/4?
22
Suppose 8 + 13 = -5*l + 3*w, 4*l - 5*w = -9. Let n = -46 - -77. Calculate the remainder when n is divided by (27 + -3)/(l/(-4)).
15
Suppose -5*p + 58 = 5*c - 357, 2*c = -5*p + 427. Calculate the remainder when p is divided by 2/(-4) + (-74)/(-4).
15
Let z = 81 - 45. Suppose 3*b = o + z, 0 = 5*o - 0*o + 15. Calculate the remainder when ((-12)/8)/((-3)/40) is divided by b.
9
Let q(l) = l**3 - 4*l**2 + l + 11. Let y = -103 + 146. Calculate the remainder when y is divided by q(4).
13
Suppose r + 3*x - 46 = 0, -5*x - 20 + 146 = 3*r. Suppose -f = -2*f + 19. What is the remainder when r is divided by f?
18
Suppose 0 = 5*y + l - 135, -l - 108 = -4*y - 9. Calculate the remainder when 103 is divided by y.
25
Let x = -17 + 27. Suppose 0 = 3*v + v - 5*p - 4, -p - 24 = 5*v. Let t(k) = -k + 2. Calculate the remainder when x is divided by t(v).
4
Let f(d) = -29*d**3 + d**2 + d + 1. Let i be f(-1). Let u = i - 16. What is the remainder when 1/(1 + -2) + u is divided by 5?
3
Let k = -151 + 55. Let w = k + 201. Suppose 0*b - w = -3*b. What is the remainder when b is divided by 12?
11
Suppose 14 = 2*m + 8*u - 4*u, 5 = 2*m + u. Calculate the remainder when ((-1)/2*-46)/m is divided by 6.
5
Suppose 0 = -4*l + l + 57. Let w = l + -10. What is the remainder when 26 is divided by w?
8
Suppose 277 = 5*n - 3*q + 4*q, n = -5*q + 65. Calculate the remainder when 40 is divided by n/4 - (-3)/12.
12
Calculate the remainder when (-17)/((-51)/18) + 32 is divided by 1/(-2 + 54/26).
12
Suppose 3*b - 3*p - 15 = -2*p, 0 = 4*b - 2*p - 22. What is the remainder when 7 is divided by b?
3
Suppose 7 = 5*s + q, -4*s + 3*q = -9*s + 1. Let y be (0 - 2)/((-4)/6). Suppose -p - y*p + 12 = 0. Calculate the remainder when p is divided by s.
1
Let g(v) be the first derivative of -2 + 9/2*v**2 + 4*v. What is the remainder when g(5) is divided by 17?
15
Suppose 3*m = -5*j + 171, -4*m + 4*j + 193 = -j. What is the remainder when m is divided by 14?
10
Let b(m) = m**2 + 11. Calculate the remainder when b(8) is divided by 13.
10
Let t = 1 + 40. Calculate the remainder when t is divided by 7.
6
Let m be 22/6 - (-2)/6. Let n = m - 3. Let k(h) = h**2 + 6*h + 6. Calculate the remainder when n is divided by k(-5).
0
Suppose -4*d - 96 = -8*d. What is the remainder when 85 is divided by d?
13
Suppose 5*d + 77 - 217 = 0. What is the remainder when 110 is divided by d?
26
Let y be (5 - 7) + 0 + 6. Suppose w = y*z - 44 - 86, -z - 4*w + 24 = 0. Calculate the remainder when z is divided by 17.
15
Suppose 0 = 12*k - 1448 - 604. What is the remainder when k is divided by 29?
26
Suppose 2*f - 3 = -f, -5*f + 15 = 2*d. Suppose 79 = -2*z + 4*z + 5*c, -d*c + 47 = z. What is the remainder when z is divided by 90/8 + (-2)/8?
10
Suppose 0 = q - 3*q + 38. What is the remainder when 36 is divided by q?
17
What is the remainder when (-2)/(5/60*-3) is divided by 5?
3
Suppose 52 = 3*n + n. Let d(q) = -q**3 + 5*q**2 + 6*q + 6. What is the remainder when d(5) is divided by n?
10
Let x(s) = -5*s - 5. Let q be x(-5). Calculate the remainder when (93/12 + -3)*q is divided by 32.
31
Suppose 37 - 1 = 2*g. What is the remainder when 69 is divided by g?
15
Let r be (-12)/(-2) - 2/2. Suppose 9 = k + r*g - 20, 0 = -5*k + 5*g - 5. What is the remainder when 4/(-18) + 56/9 is divided by k?
2
Suppose 2*p = -3*p + 150. What is the remainder when p is divided by 17?
13
Suppose -2 - 34 = -4*u. Suppose -4*j - 26 = -2*o, u = -o + 2*o - j. What is the remainder when o is divided by 3?
2
Let u = 85 + -153. Let n = -36 - u. What is the remainder when n is divided by 11?
10
Let z(n) = 4*n + 1. Let a(r) = -r + 4. Let y be a(0). Suppose -4*p = 4*s - 40, -4 = s - 5*p + y. What is the remainder when z(6) is divided by s?
4
Suppose 10*p = 6*p + 48. Let h = p + 63. What is the remainder when h is divided by 19?
18
Suppose 18 = 3*g + 5*i, -3*g - 4 = i - 34. What is the remainder when 32 is divided by g?
10
Let v be 4 + (1 - (2 - 2)). Suppose -3*c + v*c = 30. Calculate the remainder when c is divided by 6.
3
What is the remainder when 4/(-10)*270/8*-6 is divided by 21?
18
Suppose -4*z = -4*j - 64, 5*z - 36 = -5*j + 24. Let c = 27 - z. What is the remainder when 24 is divided by c?
11
Let a(f) = f**2 + 3*f + 3. Let q = -5 - 3. What is the remainder when 28/q*(-4)/7 is divided by a(-2)?
0
What is the remainder when 48 is divided by (-3)/(-6) - ((-116)/8 - 3)?
12
Suppose 4*p + 113 - 41 = 0. Let o = p + 25. What is the remainder when 11 is divided by o?
4
Let o(h) = 4*h**3 + 4*h**2 - 4*h + 3. Let s be o(2). Suppose -5*j + s = -3*n, -n + 0*n = -2*j + 18. What is the remainder when 32 is divided by j?
10
Let x be (-12)/(-18) + 8/6. What is the remainder when x - (-24)/(4 + -1) is divided by 4?
2
Let c = 13 - 7. Suppose c*n - 42 = 4*n. What is the remainder when n is divided by 11?
10
Let l = -11 + 8. Calculate the remainder when (1/l)/((-2)/204) is divided by 9.
7
Let f(x) = -2*x**3 - 2*x**2 - 5*x - 3. What is the remainder when 55 is divided by f(-2)?
10
Calculate the remainder when -2 + (-6 + 4 - -6) is divided by (-2)/2 + -1 + 3.
0
Suppose 0 = -12*s + 14*s - 18. Calculate the remainder when 32 is divided by s.
5
Suppose 0 = -5*b - 4*a - 190, 2*b + 101 = -2*a + 27. Let j = -24 - b. Calculate the remainder when 70 is divided by j.
16
Calculate the remainder when 2/(48/2538) + (-2)/(-8) is divided by 18.
16
Let f = -17 + 8. Calculate the remainder when 3 is divided by f*((-2)/(-3))/(-2).
0
Let j(w) = w**2 - w + 3. Let s(l) = l**2 + 9*l + 8. Let t be s(-8). Calculate the remainder when 8 is divided by j(t).
2
Let k = 37 + -24. Suppose 2*v - 6 = -v. Suppose v*s - 43 = -5*r, -4*r + 0 - 4 = 0. Calculate the remainder when s is divided by k.
11
Let t = 5 - 3. Let j = t - 0. Suppose 3*x - 27 = -4*s, 0*s - 3*x = 2*s - 21. Calculate the remainder when s is divided by j.
1
Suppose q - 5*i + 7 = 0, -3*q - i = -23 - 4. Let v = -38 + q. Let x = v + 65. Calculate the remainder when x is divided by 12.
11
Suppose 0 = -5*g - 335 - 340. What is the remainder when (-2)/(-7) + (-360)/(-14) is divided by (12/10)/((-18)/g)?
8
Let i be ((-156)/8)/((-1)/6). Suppose o = 5*z - 121, 2*o - i = -5*z + 4*o. Suppose g - z = -4*g. Calculate the remainder when 14 is divided by g.
4
Let v be ((-3)/6)/((-2)/20). Suppose -v*x = 67 - 157. What is the remainder when 34 is divided by x?
16
Let u be 2 + 4/4 - 0. Suppose -t = -x - 7 - 3, -u*t + 40 = -x. Calculate the remainder when 29 is divided by t.
14
Let q(b) = -b**2 - 4*b + 12. What is the remainder when 21 is divided by q(0)?
9
Suppose 2*i - 5*i = 0. Suppose i*d + d - 6 = 0. Calculate the remainder when d is divided by 3.
0
Suppose 0 = -3*d + 5*l + 70, 2*d - 67 = 5*l - 17. Let o(g) = -11*g. Calculate the remainder when d is divided by o(-1).
9
Suppose 6*u - 84 = 2*u. Suppose g - 6*g + 3*m + 66 = 0, 4*g = -5*m + 38. Calculate the remainder when u is divided by g.
9
Let b(w) = w**3 - 8*w**2 - 7*w + 2. Let i be b(9). Let s = i + -10. Let q = 97 + -69. What is the remainder when q is divided by s?
